+ 18 = 0, -a + 2*a + w = 4*y. What is the units digit of y?
2
What is the units digit of (-62755)/(-88) - 1/8?
3
Suppose 184*r - 189*r + 12375 = 0. What is the hundreds digit of r?
4
What is the tens digit of 4 + (-6 - 0) + 4353/3?
4
Let r(s) = -s - 5. Let x(i) = i - 8. Let k be x(5). Let a be r(k). What is the units digit of -1 - 6/a - -18?
0
Let y be (-30)/(-7) - (-36)/(-126). Suppose -327 = -3*w - 4*l, -5*w + y*l + 519 = 2*l. What is the tens digit of w?
0
Let p(f) = f**3 + 6*f**2 - f. Let y be p(-6). Suppose 0 = -d + 3*d - 10. Suppose 0 = -4*b - d*h + 96, -2*b - 112 = -y*b - h. What is the tens digit of b?
2
Suppose -8610 - 10502 = -8*g. What is the tens digit of g?
8
Let z be 96/(-12)*1/(-2). Let s = z - 2. What is the units digit of s?
2
Let c be 4 - (2 + 1)*8/6. Suppose -j = 5*u - 175, c*u - 386 = -2*j + 2*u. What is the units digit of j?
0
Let d(n) = 3*n + 3. Let k be d(-2). Let r be k*(-100)/12 + 3. Suppose 2*y + 6 - r = 0. What is the tens digit of y?
1
Suppose 0 = 3*h + 2*h - n - 12, 3*h = 3*n + 12. Suppose -5*l + 3*s = -282, s = h*l - 0*s - 113. What is the units digit of l?
7
Let w be (3 + 10/(-5))*3. Suppose w*q = 17 + 49. What is the units digit of q?
2
Let z(b) = 10*b - 5. Let u be z(9). Let q = -28 + u. What is the units digit of q?
7
Let p = 56 + -54. What is the tens digit of 15*12/(-8)*p/(-3)?
1
Let b(j) be the first derivative of j**4/4 + 3*j**3 + 4*j**2 + 3*j - 9. Let w be b(-9). Let h = -27 - w. What is the units digit of h?
2
Let b = 47 - 5. Suppose 0 = -2*z - z + b. Suppose -m + z = 2. What is the tens digit of m?
1
Let p = -305 - -242. Suppose o - 80 = 5*t, 3*o - 294 = -6*t + 3*t. Let c = p + o. What is the units digit of c?
2
What is the tens digit of 435/(-40)*-2*(-6 - -74)?
7
Let n(l) = -16*l**2 - 1. Let t be n(-2). Let r = 111 + t. What is the tens digit of r?
4
Let f(m) = -29*m + 1. Let w(s) = s - 1. Let d(k) = -f(k) - 4*w(k). What is the units digit of d(2)?
3
What is the tens digit of (5 - ((-514)/5 + 3))*5?
2
Let d(a) = -a**3 + 7*a**2 + 10*a - 5. Let o be d(8). Let h = o - 8. Suppose -s - 126 = -h*s. What is the tens digit of s?
6
Let j(r) = -44*r + 52. What is the hundreds digit of j(-12)?
5
Suppose 4*p - 4 = 0, 4*b = 3*b + 4*p + 16. Let g be ((-17)/(-2))/(2/b). Let x = g - 44. What is the tens digit of x?
4
Suppose -5*l + 6*l + a - 550 = 0, 4*l + 2*a - 2198 = 0. Suppose 0 = -3*m - 2*z + 387, 0 = 4*m - 2*z + 47 - l. What is the units digit of m?
7
Suppose 2*p + 19 - 13 = 0, -26652 = -5*y + 4*p. What is the units digit of y?
8
Suppose 2*k - 16*k + 13930 = 0. What is the units digit of k?
5
Let z = 0 + 4. Suppose 0 = -11*l + 8*l + 90. Let c = l + z. What is the tens digit of c?
3
Suppose -2*q + 32 = 3*u, -2*u + 17 = 4*q - 7. Suppose b - 3*c - 121 = -u, b + 5*c = 143. What is the hundreds digit of b?
1
Let x(i) = 186*i - 28. What is the hundreds digit of x(5)?
9
Suppose -2*k + 7 = -s, k + 0*s = -4*s + 26. Let p be k/39 + 140/(-65). What is the units digit of 4 - (-16 - p) - -3?
1
Let o(u) = -u - 2. Suppose -2*x + 0 = -2. Let a = -5 + x. What is the units digit of o(a)?
2
Suppose 339 = 5*g - 316. Let d = g + -59. What is the units digit of d?
2
Let o be (1/(-2))/((-3)/78). Suppose 7*y = 118 - o. Suppose 3*f + y = 0, -4*f = 3*h - 2*f + 7. What is the units digit of h?
1
Suppose c + 5670 = 16*c. What is the tens digit of c?
7
Suppose -4*c + 17 = -15. Let s(i) = -9*i**3 + 0 - 5 + 8*i**3 + 3*i + 8*i**2. What is the units digit of s(c)?
9
Let v = 79 + -76. Let c be 8/(-24) - 56/(-6). Let t = c - v. What is the units digit of t?
6
Suppose 98*u = 66*u + 640. What is the units digit of u?
0
Suppose -4*w + 3 = -29. What is the units digit of ((-24)/(-9))/(w/84)?
8
Let u = 23 - 22. Let l = 3 + u. Suppose h = 2*c - l, -5*c + 2*c + 9 = 0. What is the units digit of h?
2
Let p(q) = -q**2 - 25*q - 24. Let r be p(-24). Let o(u) = 10*u + 2. Let t be o(3). Suppose 5*c - 94 = -5*f + 4*c, -2*f + c + t = r. What is the tens digit of f?
1
What is the units digit of (174/(-4))/(6/(-100))?
5
Suppose -17*x = 2215 - 311. Let y(b) = 2*b**2 + 4*b - 4. Let o be y(3). What is the units digit of x/(-11) + o/(-143)?
0
Let n = -12 - -17. Suppose 0 = -3*l + n*l - 208. What is the hundreds digit of l?
1
Let o = -11 + 12. Suppose 5*u = o + 14. Suppose 0 = u*v - 4 - 8. What is the units digit of v?
4
Let c(f) = f**3 + 11*f**2 - f - 11. Let a(v) = v - 4. Let u be a(-7). Let z be c(u). Suppose -9 = -k - z. What is the units digit of k?
9
Suppose -5*m - 5*l + 5 = 0, 0 = 3*m + 4*l - 2*l - 3. Suppose p + 3*o - 18 = 0, 0 = -5*o + m + 9. What is the units digit of p?
2
Suppose 156*m - 163*m = -756. What is the hundreds digit of m?
1
Suppose -78*m - 3601 + 26767 = 0. What is the tens digit of m?
9
Let g = 513 + -317. Suppose 2*a - g = 182. What is the tens digit of a?
8
Let o(r) = r**3 + 6*r**2 - 6*r + 7. What is the units digit of o(6)?
3
Let t(k) = 57*k + 5. Let y be t(4). Let l = -145 + y. What is the tens digit of l?
8
Let l(p) be the first derivative of -2*p**2 + 16*p + 4. What is the units digit of l(-8)?
8
Suppose 38*n = -2*x + 37*n + 1401, 0 = -x + 3*n + 697. What is the units digit of x?
0
Let o = 747 + -210. What is the tens digit of o?
3
Suppose 3*k - 7 = 5. Suppose -3*p + k*p = -n + 60, -2*n = -5*p - 106. What is the tens digit of n?
5
Let y(k) = -k**2 + 68*k + 133. What is the tens digit of y(23)?
6
Let s(w) = 144*w**2 - 18*w - 2. What is the tens digit of s(-3)?
4
What is the hundreds digit of (-149226)/(-44) + 4/((-24)/(-9))?
3
Let d(g) = 2*g**2 - 19*g + 30. What is the tens digit of d(19)?
9
Suppose 0 = 14*z - 4*z - 600. What is the tens digit of z?
6
Let t(j) = j**2 + 5*j - 7. Let i be t(-6). Let p = 42 + i. What is the units digit of p?
1
Suppose -o - 3 = 2*f + 2, 2*f = 4*o + 20. Suppose 5*d + 0*l - 110 = 5*l, -4*d + l = -73. Let c = d - f. What is the tens digit of c?
1
Suppose 0 = -2*t + 8*l - 4*l + 4960, -5*t = 2*l - 12340. What is the thousands digit of t?
2
Suppose o + 2*o = 5*t + 2948, 2*o + 4*t = 1958. Suppose d - o = -5*p, -4*p + 600 = d - 185. What is the units digit of p?
6
Let y(p) = 2*p**2 - 8*p - 26. Let q be y(-11). Suppose 0 = 5*n + q - 889. What is the units digit of n?
7
Suppose -8*u + 838 - 150 = 0. Suppose -f = -2*f - 5*d + 36, 3*f + 4*d - u = 0. What is the units digit of f?
6
Let p be -2 + -1 + 0 + (-35)/(-5). Suppose n + 5*t + 350 = 6*n, 2*t - 256 = -p*n. What is the units digit of n?
6
Let d(y) = -2*y**2 + 15*y + 14. Let u(h) = h**2 + 1. Let n(x) = d(x) + u(x). Let o be n(18). Let l = o + 82. What is the tens digit of l?
4
Let d = -110 - -115. Suppose d*t + 240 = 8*t. What is the tens digit of t?
8
Let w(j) be the second derivative of -j**5/4 + j**2/2 + 16*j. What is the units digit of w(-2)?
1
Let a = -3884 - -5545. What is the units digit of a?
1
Let u(y) = 50*y**2. Let f be (-1)/(-3) - (-8)/3 - 4. What is the units digit of u(f)?
0
Suppose -5*b = 24 - 109. Let q = 25 - b. Let m = -4 + q. What is the units digit of m?
4
Let d be 2/(-8) + 39/12. Let y(l) = l**2 - l - 1. Let z(v) = -v**2 + v - 3. Let o(i) = 2*y(i) - 2*z(i). What is the units digit of o(d)?
8
Let g(d) = d + 3 + 1 + 5*d. Let v be g(-7). Let q = v + 61. What is the units digit of q?
3
Let p(j) = 2*j**2 + 9*j - 10. Let q be p(-7). Let i be 20/q*5/2. Suppose 3*s - i*t = 3*t + 70, 4*t - 16 = 0. What is the units digit of s?
0
Let d be 10/4*(-12)/(-10). Suppose -d*b + 21 + 75 = 0. Suppose 36 = 2*t - f + 4, 0 = -2*t - 3*f + b. What is the units digit of t?
6
Suppose 4*h - 2*a = 874, -15*a + 904 = 4*h - 11*a. What is the hundreds digit of h?
2
Let o(m) = 63*m**2 - 21*m - 6. What is the tens digit of o(3)?
9
Let g(w) = 8*w**2 - 4*w - 9. Let a be g(5). Let b = 119 + a. What is the units digit of b?
0
Let m(h) = 287*h + 1. Let a be m(1). Let o be a/20 - 4/10. What is the units digit of o/(-70) - (-62)/10?
6
Let s(c) = 411*c**3 - c + 2. What is the hundreds digit of s(1)?
4
Let b(r) = -4*r - 52. Let t be b(-23). Suppose -2*h + 4*h = -2*w + t, h + 3*w - 24 = 0. What is the units digit of h?
8
Suppose 5*n = -u + 221, -u - 4*n + 7*n = -229. Let t = u - 61. What is the hundreds digit of t?
1
Suppose -a = -3*a + 4. Suppose -5*k = -a*g + 20, 0*g - 3*g = -5*k - 25. Let p(i) = -28*i - 1. What is the units digit of p(k)?
5
Suppose 2*n + 0 = 6. Suppose 392 = 3*w + 4*